{"id":9357,"date":"2023-10-06T19:20:45","date_gmt":"2023-10-06T19:20:45","guid":{"rendered":"https:\/\/transportesfesokile.cl\/?page_id=9357"},"modified":"2024-05-08T18:42:21","modified_gmt":"2024-05-08T18:42:21","slug":"servicios","status":"publish","type":"page","link":"https:\/\/transportesfesokile.cl\/index.php\/servicios\/","title":{"rendered":"Servicios"},"content":{"rendered":"<section class=\"l-section wpb_row height_custom\"><div class=\"l-section-h i-cf\"><div class=\"g-cols vc_row via_flex valign_top type_default stacking_default\"><div class=\"vc_col-sm-12 wpb_column vc_column_container\"><div class=\"vc_column-inner\"><div class=\"wpb_wrapper\"><div class=\"w-grid type_grid layout_9567 cols_3 overflow_hidden\" id=\"us_grid_1\" style=\"--gap:1.5rem;\" data-filterable=\"true\"><style>@media (max-width:1024px){#us_grid_1 .w-grid-item{width:50%}}@media (max-width:600px){#us_grid_1 .w-grid-list{margin:0}#us_grid_1 .w-grid-item{width:100%;padding:0;margin-bottom:var(--gap,0px)}}.layout_9567 .w-grid-item-h{background:rgba(0,0,0,0.66);color:var(--color-content-heading);border-radius:0.5rem;box-shadow:0 0.05rem 0.1rem rgba(0,0,0,0.1),0 0.17rem 0.5rem rgba(0,0,0,0.1);transition-duration:0.3s}.no-touch .layout_9567 .w-grid-item-h:hover{box-shadow:0 0.13rem 0.26rem rgba(0,0,0,0.1),0 0.43rem 1.3rem rgba(0,0,0,0.15);z-index:4}.layout_9567 .usg_vwrapper_1{transition-duration:0.3s;transform-origin:50% 50%;transform:scale(1) translate(0%,0%)}.layout_9567 .w-grid-item-h:hover .usg_vwrapper_1{transform:scale(1.20) translate(0%,0%);opacity:1}.layout_9567 .usg_post_title_1{color:#ffffff!important;text-align:center!important;font-size:30px!important}.layout_9567 .usg_vwrapper_1{height:400px!important;max-height:600px!important;min-height:fit-content!important;padding:20px!important;background:rgba(0,0,0,0.55) no-repeat!important}<\/style><div class=\"w-grid-list\">\t<article class=\"w-grid-item size_1x1 post-9307 post type-post status-publish format-standard has-post-thumbnail hentry category-servicios\" data-id=\"9307\">\r\n\t\t<div class=\"w-grid-item-h\" style=\"background:url(https:\/\/transportesfesokile.cl\/wp-content\/uploads\/2023\/10\/2.jpg) center\/cover no-repeat;\">\r\n\t\t\t\t\t\t<div class=\"w-vwrapper usg_vwrapper_1 align_center valign_middle\" style=\"--vwrapper-gap:1rem\"><h1 class=\"w-post-elm post_title usg_post_title_1 has_text_color align_center entry-title color_link_inherit\"><a href=\"https:\/\/transportesfesokile.cl\/index.php\/transportes-de-cargas-consolidadas-en-dos-modalidades\/\">Transportes de Cargas Consolidadas<\/a><\/h1><a class=\"w-btn us-btn-style_8 usg_btn_1 icon_atright\" href=\"https:\/\/transportesfesokile.cl\/index.php\/transportes-de-cargas-consolidadas-en-dos-modalidades\/\"><span class=\"w-btn-label\">Ver m\u00e1s<\/span><i class=\"fas fa-chevron-right\"><\/i><\/a><\/div>\t\t<\/div>\r\n\t\t\t<\/article>\r\n\t<article class=\"w-grid-item size_1x1 post-9304 post type-post status-publish format-standard has-post-thumbnail hentry category-servicios\" data-id=\"9304\">\r\n\t\t<div class=\"w-grid-item-h\" style=\"background:url(https:\/\/transportesfesokile.cl\/wp-content\/uploads\/2023\/10\/3.jpg) center\/cover no-repeat;\">\r\n\t\t\t\t\t\t<div class=\"w-vwrapper usg_vwrapper_1 align_center valign_middle\" style=\"--vwrapper-gap:1rem\"><h1 class=\"w-post-elm post_title usg_post_title_1 has_text_color align_center entry-title color_link_inherit\"><a href=\"https:\/\/transportesfesokile.cl\/index.php\/cargas-especiales\/\">Cargas Especiales<\/a><\/h1><a class=\"w-btn us-btn-style_8 usg_btn_1 icon_atright\" href=\"https:\/\/transportesfesokile.cl\/index.php\/cargas-especiales\/\"><span class=\"w-btn-label\">Ver m\u00e1s<\/span><i class=\"fas fa-chevron-right\"><\/i><\/a><\/div>\t\t<\/div>\r\n\t\t\t<\/article>\r\n\t<article class=\"w-grid-item size_1x1 post-9301 post type-post status-publish format-standard has-post-thumbnail hentry category-servicios\" data-id=\"9301\">\r\n\t\t<div class=\"w-grid-item-h\" style=\"background:url(https:\/\/transportesfesokile.cl\/wp-content\/uploads\/2023\/10\/Encomienda.jpeg) center\/cover no-repeat;\">\r\n\t\t\t\t\t\t<div class=\"w-vwrapper usg_vwrapper_1 align_center valign_middle\" style=\"--vwrapper-gap:1rem\"><h1 class=\"w-post-elm post_title usg_post_title_1 has_text_color align_center entry-title color_link_inherit\"><a href=\"https:\/\/transportesfesokile.cl\/index.php\/encomiendas\/\">Encomiendas<\/a><\/h1><a class=\"w-btn us-btn-style_8 usg_btn_1 icon_atright\" href=\"https:\/\/transportesfesokile.cl\/index.php\/encomiendas\/\"><span class=\"w-btn-label\">Ver m\u00e1s<\/span><i class=\"fas fa-chevron-right\"><\/i><\/a><\/div>\t\t<\/div>\r\n\t\t\t<\/article>\r\n\t<article class=\"w-grid-item size_1x1 post-9298 post type-post status-publish format-standard has-post-thumbnail hentry category-servicios\" data-id=\"9298\">\r\n\t\t<div class=\"w-grid-item-h\" style=\"background:url(https:\/\/transportesfesokile.cl\/wp-content\/uploads\/2023\/10\/4.jpg) center\/cover no-repeat;\">\r\n\t\t\t\t\t\t<div class=\"w-vwrapper usg_vwrapper_1 align_center valign_middle\" style=\"--vwrapper-gap:1rem\"><h1 class=\"w-post-elm post_title usg_post_title_1 has_text_color align_center entry-title color_link_inherit\"><a href=\"https:\/\/transportesfesokile.cl\/index.php\/mudanzas\/\">Mudanzas<\/a><\/h1><a class=\"w-btn us-btn-style_8 usg_btn_1 icon_atright\" href=\"https:\/\/transportesfesokile.cl\/index.php\/mudanzas\/\"><span class=\"w-btn-label\">Ver m\u00e1s<\/span><i class=\"fas fa-chevron-right\"><\/i><\/a><\/div>\t\t<\/div>\r\n\t\t\t<\/article>\r\n\t<article class=\"w-grid-item size_1x1 post-9293 post type-post status-publish format-standard has-post-thumbnail hentry category-servicios\" data-id=\"9293\">\r\n\t\t<div class=\"w-grid-item-h\" style=\"background:url(https:\/\/transportesfesokile.cl\/wp-content\/uploads\/2023\/10\/5.jpg) center\/cover no-repeat;\">\r\n\t\t\t\t\t\t<div class=\"w-vwrapper usg_vwrapper_1 align_center valign_middle\" style=\"--vwrapper-gap:1rem\"><h1 class=\"w-post-elm post_title usg_post_title_1 has_text_color align_center entry-title color_link_inherit\"><a href=\"https:\/\/transportesfesokile.cl\/index.php\/cargas-consolidadas\/\">Cargas Consolidadas<\/a><\/h1><a class=\"w-btn us-btn-style_8 usg_btn_1 icon_atright\" href=\"https:\/\/transportesfesokile.cl\/index.php\/cargas-consolidadas\/\"><span class=\"w-btn-label\">Ver m\u00e1s<\/span><i class=\"fas fa-chevron-right\"><\/i><\/a><\/div>\t\t<\/div>\r\n\t\t\t<\/article>\r\n\t<article class=\"w-grid-item size_1x1 post-9290 post type-post status-publish format-standard has-post-thumbnail hentry category-servicios\" data-id=\"9290\">\r\n\t\t<div class=\"w-grid-item-h\" style=\"background:url(https:\/\/transportesfesokile.cl\/wp-content\/uploads\/2023\/10\/IMG-20240515-WA0013-1024x768.jpg) center\/cover no-repeat;\">\r\n\t\t\t\t\t\t<div class=\"w-vwrapper usg_vwrapper_1 align_center valign_middle\" style=\"--vwrapper-gap:1rem\"><h1 class=\"w-post-elm post_title usg_post_title_1 has_text_color align_center entry-title color_link_inherit\"><a href=\"https:\/\/transportesfesokile.cl\/index.php\/cargas-completas\/\">Cargas Completas<\/a><\/h1><a class=\"w-btn us-btn-style_8 usg_btn_1 icon_atright\" href=\"https:\/\/transportesfesokile.cl\/index.php\/cargas-completas\/\"><span class=\"w-btn-label\">Ver m\u00e1s<\/span><i class=\"fas fa-chevron-right\"><\/i><\/a><\/div>\t\t<\/div>\r\n\t\t\t<\/article>\r\n<\/div><div class=\"w-grid-preloader\">\t<div class=\"g-preloader type_1\">\r\n\t\t<div><\/div>\r\n\t<\/div>\r\n\t<\/div>\t<div class=\"w-grid-json hidden\" onclick='return {&quot;action&quot;:&quot;us_ajax_grid&quot;,&quot;infinite_scroll&quot;:0,&quot;max_num_pages&quot;:1,&quot;pagination&quot;:&quot;none&quot;,&quot;template_vars&quot;:{&quot;columns&quot;:&quot;3&quot;,&quot;exclude_items&quot;:&quot;none&quot;,&quot;img_size&quot;:&quot;default&quot;,&quot;ignore_items_size&quot;:0,&quot;items_layout&quot;:&quot;9567&quot;,&quot;items_offset&quot;:&quot;1&quot;,&quot;load_animation&quot;:&quot;none&quot;,&quot;overriding_link&quot;:&quot;{\\&quot;url\\&quot;:\\&quot;\\&quot;}&quot;,&quot;post_id&quot;:0,&quot;query_args&quot;:{&quot;post_type&quot;:[&quot;post&quot;],&quot;tax_query&quot;:[{&quot;taxonomy&quot;:&quot;category&quot;,&quot;field&quot;:&quot;slug&quot;,&quot;terms&quot;:[&quot;servicios&quot;]}],&quot;post_status&quot;:[&quot;publish&quot;],&quot;posts_per_page&quot;:999},&quot;orderby_query_args&quot;:{&quot;orderby&quot;:{&quot;date&quot;:&quot;DESC&quot;}},&quot;type&quot;:&quot;grid&quot;,&quot;us_grid_post_type&quot;:&quot;post&quot;,&quot;us_grid_ajax_index&quot;:1,&quot;us_grid_filter_query_string&quot;:null,&quot;us_grid_index&quot;:1,&quot;page_args&quot;:[]}}'><\/div>\r\n\t<\/div><\/div><\/div><\/div><\/div><\/div><\/section>\n","protected":false},"excerpt":{"rendered":"Este servicio est\u00e1 disponible para aquellos que requieren el env\u00edo de una carga completa, ya sea en un solo paquete o en m\u00faltiples unidades que ocupan todo el espacio disponible en el veh\u00edculo. Al elegir nuestro servicio de cargas completas, los clientes pueden confiar en la puntualidad y fiabilidad de nuestras operaciones. Utilizamos una flota...","protected":false},"author":3,"featured_media":0,"parent":0,"menu_order":0,"comment_status":"closed","ping_status":"closed","template":"","meta":{"footnotes":""},"class_list":["post-9357","page","type-page","status-publish","hentry"],"_links":{"self":[{"href":"https:\/\/transportesfesokile.cl\/index.php\/wp-json\/wp\/v2\/pages\/9357"}],"collection":[{"href":"https:\/\/transportesfesokile.cl\/index.php\/wp-json\/wp\/v2\/pages"}],"about":[{"href":"https:\/\/transportesfesokile.cl\/index.php\/wp-json\/wp\/v2\/types\/page"}],"author":[{"embeddable":true,"href":"https:\/\/transportesfesokile.cl\/index.php\/wp-json\/wp\/v2\/users\/3"}],"replies":[{"embeddable":true,"href":"https:\/\/transportesfesokile.cl\/index.php\/wp-json\/wp\/v2\/comments?post=9357"}],"version-history":[{"count":0,"href":"https:\/\/transportesfesokile.cl\/index.php\/wp-json\/wp\/v2\/pages\/9357\/revisions"}],"wp:attachment":[{"href":"https:\/\/transportesfesokile.cl\/index.php\/wp-json\/wp\/v2\/media?parent=9357"}],"curies":[{"name":"wp","href":"https:\/\/api.w.org\/{rel}","templated":true}]}}